
1746752
-865a1 (base 12) to base 15
-37717
Convert 635355 (base 8) to base 2.
110011101011101101
What is -159a95 (base 11) in base 12?
-bb311
11131213 (base 5) to base 7
561302
Convert 1674281 (base 13) to base 14.
d711b7
44221244 (base 5) to base 6
12111431
Convert 229052 (base 11) to base 16.
58b9c
Convert 37b71 (base 16) to base 8.
675561
Convert 21524 (base 16) to base 11.
935a7
Convert -1494923 (base 12) to base 4.
-33323210223
Convert -15312614 (base 7) to base 15.
-1de3bb
What is 3da1e (base 15) in base 12?
96725
Convert 124251135 (base 6) to base 3.
11121101121012
What is 12201041 (base 6) in base 15?
7a411
What is -10665166 (base 7) in base 11?
-592764
Convert 10077346 (base 8) to base 6.
113351234
What is 223123131230 (base 4) in base 6?
1044002512
Convert 34303102 (base 5) to base 16.
4addc
What is -5566602 (base 7) in base 5?
-134022130
Convert a8d912 (base 15) to base 14.
10d5a31
-2181a (base 15) to base 14
-2ab18
What is 763705 (base 10) in base 16?
ba739
What is -2632602 (base 9) in base 6?
-50501045
What is 100341221 (base 5) in base 8?
1422376
Convert -34030415 (base 6) to base 13.
-2a1064
40616424 (base 7) to base 14
646d4b
-1363388 (base 11) to base 5
-1100101022
What is 2371580 (base 9) in base 11?
7aa078
251b93 (base 14) to base 15
1a21a7
What is 113010133012 (base 4) in base 15?
7e6d91
Convert 34623321 (base 7) to base 15.
4031e0
Convert 4443535 (base 7) to base 12.
225674
What is -442a2 (base 15) in base 7?
-1561331
3451362 (base 9) to base 2
111000111001010100000
Convert -222011010 (base 5) to base 6.
-32440241
What is -2210222210 (base 3) in base 16?
-d866
-1b024 (base 13) to base 3
-2200101000
-1223011023 (base 4) to base 5
-103013403
What is 1543627 (base 9) in base 7?
10162354
2701820 (base 9) to base 6
51400500
Convert -b509 (base 15) to base 11.
-26821
What is 21002201200211 (base 3) in base 10?
3773812
-480328 (base 13) to base 6
-100424041
Convert -10b1e8 (base 15) to base 8.
-3024417
9d36bd (base 14) to base 13
1153b33
1666550 (base 9) to base 3
1202020121200
Convert -12222110100 (base 3) to base 8.
-345706
Convert -110112022100 (base 3) to base 4.
-330031203
Convert -101111000010101110 (base 2) to base 16.
-2f0ae
-4293322 (base 10) to base 15
-59c167
Convert 148241 (base 9) to base 10.
91324
58c8d (base 15) to base 5
33023313
Convert 410272 (base 8) to base 9.
225603
Convert -11110100010111110110 (base 2) to base 6.
-33242010
Convert 1110001 (base 6) to base 10.
55729
What is 10a7fe (base 16) in base 9?
2043328
What is -1c449 (base 13) in base 11?
-38902
Convert 2757560 (base 9) to base 6.
52244000
1366425 (base 7) to base 14
4b485
Convert 3048600 (base 10) to base 11.
17a2505
What is -212101010121 (base 4) in base 11?
-5731801
-5acd48 (base 14) to base 3
-12211221111111
381767 (base 14) to base 12
78a013
Convert 1074231 (base 8) to base 2.
1000111100010011001
1337a56 (base 13) to base 7
102240365
23743 (base 14) to base 9
141575
What is -2697 (base 14) in base 15?
-2032
-11002020102 (base 3) to base 10
-80363
Convert -384428b (base 12) to base 7.
-162554156
Convert -100620056 (base 7) to base 5.
-3000323421
What is -1425020 (base 6) in base 5?
-10101234
11256516 (base 8) to base 6
124252354
What is -1110001001000111001 (base 2) in base 3?
-212112200121
Convert 1c63b (base 14) to base 7.
421404
-201220222121 (base 3) to base 2
-1011111101111111111
83362 (base 9) to base 11
38337
Convert 38e3 (base 15) to base 12.
7036
Convert 1c221 (base 15) to base 12.
4501a
-5124455 (base 7) to base 15
-c1292
Convert 8dd3 (base 15) to base 7.
153552
What is -221112000122 (base 3) in base 4?
-1322220122
341313030 (base 5) to base 4
11300233312
Convert -15ba3 (base 16) to base 9.
-145063
Convert -39ba57 (base 14) to base 2.
-111100110001100001101
What is -1911028 (base 12) in base 11?
-2a64970
Convert -657a9 (base 11) to base 4.
-113103223
Convert a38ac5 (base 14) to base 2.
10101000011000100000101
-34ab31 (base 14) to base 3
-10101021201020
What is -5250021 (base 6) in base 16?
-3e55d
Convert -111584 (base 9) to base 15.
-14bea
Convert 24222210 (base 6) to base 8.
2726336
What is 122012110210 (base 3) in base 13?
bb173
What is 2020121110212 (base 3) in base 2?
100100011010000011111
What is 1371072 (base 8) in base 12?
169622
-286629 (base 10) to base 3
-112120011220
What is -72d0e1 (base 16) in base 9?
-15137701
Convert 885827 (base 12) to base 16.
210e5f
-110331123312 (base 4) to base 12
-1a0b846
Convert ba5501 (base 14) to base 11.
3623551
Convert -35bac (base 14) to base 9.
-220062
What is 5478a (base 12) in base 14?
2c9d0
What is 522256 (base 7) in base 16?
15e3e
Convert 9cb2 (base 14) to base 15.
80d9
264256 (base 7) to base 12
247b7
12120220222010 (base 3) to base 15
3da2d6
211001303303 (base 4) to base 2
100101000001110011110011
What is -b513d (base 15) in base 2?
-10001100001001010001
What is -1001010110111110100 (base 2) in base 11?
-19a457
Convert -102200110100112 (base 3) to base 15.
-829b35
-1003030 (base 8) to base 9
-441654
-8e685 (base 16) to base 11
-369274
-1dce79 (base 15) to base 9
-2666426
Convert -40445412 (base 6) to base 8.
-4324220
What is -398750 (base 13) in base 16?
-1534b8
-49d3a (base 15) to base 8
-714517
Convert -1122001210121 (base 3) to base 14.
-188148
Convert -2b3a8 (base 14) to base 6.
-2150504
-511445511 (base 6) to base 14
-1241335
2212010220 (base 3) to base 16
dbae
What is -234636 (base 8) in base 7?
-453033
What is 1227041 (base 8) in base 10?
339489
377a63 (base 11) to base 8
2214414
What is -190a19 (base 13) in base 11?
-3a0407
Convert 731571 (base 10) to base 2.
10110010100110110011
Convert 1001305 (base 7) to base 3.
20000001201
What is -434322040 (base 5) in base 9?
-3460467
Convert 5492a6 (base 11) to base 10.
876156
Convert -115061305 (base 7) to base 11.
-4072089
What is 50621 (base 11) in base 9?
122401
Convert 11505656 (base 7) to base 2.
11111010110011001101
Convert -223224001 (base 5) to base 9.
-1772250
Convert -81a99 (base 14) to base 7.
-2440052
What is 151334001 (base 6) in base 12?
1081301
What is -130023133110 (base 4) in base 11?
-4196039
132230440 (base 5) to base 3
1020202111221
Convert 64657 (base 10) to base 14.
197c5
What is -13301300220 (base 4) in base 2?
-111110001110000101000
What is -132525 (base 8) in base 9?
-70608
What is 35255022 (base 8) in base 9?
15421670
Convert -967470 (base 10) to base 8.
-3541456
What is -698a4 (base 11) in base 6?
-2055055
Convert -1222101033 (base 4) to base 5.
-102412104
3a2b8 (base 13) to base 10
108142
What is -440075 (base 9) in base 7?
-2142221
Convert -10c38a3 (base 14) to base 12.
-2819a9b
What is 111222110222100 (base 3) in base 5?
3400224300
Convert -13404780 (base 9) to base 8.
-31173723
What is 2848c (base 15) in base 3?
20120100020
15337104 (base 8) to base 14
6797da
1010000111100111010111 (base 2) to base 3
11222202201121
Convert 1283358 (base 12) to base 10.
3655220
849395 (base 15) to base 2
11000000100001101010010
Convert 10101011010010010111 (base 2) to base 5.
134422331
What is -20081772 (base 9) in base 7?
-144524012
What is -212200022012 (base 3) in base 2?
-1110001110010000100
What is 398ce (base 15) in base 5?
21343434
Convert 30311131 (base 4) to base 10.
52573
What is -27898 (base 14) in base 13?
-35648
-332113221 (base 4) to base 15
-50a60
Convert 7838271 (base 9) to base 8.
20056554
-3315153 (base 6) to base 9
-272316
Convert 10442534 (base 7) to base 9.
1623348
158243 (base 11) to base 3
110110100020
Convert 91a1462 (base 11) to base 5.
13130102033
What is 1261273 (base 8) in base 11?
2211a9
-1000110010111101101011100 (base 2) to base 10
-18447196
4debf (base 16) to base 14
84459
Convert 56b45 (base 12) to base 8.
341745
Convert 622221 (base 7) to base 15.
21813
What is -7420a (base 11) in base 9?
-174210
What is 221523414 (base 6) in base 16?
3d2862
Convert -302268 (base 10) to base 6.
-10251220
What is -7c13 (base 14) in base 2?
-101010001001001
-112045411 (base 6) to base 8
-7666017
Convert 5748 (base 13) to base 3.
121202220
Convert -100011111011111111001 (base 2) to base 10.
-1177593
-17803 (base 12) to base 3
-1201121210
6240b (base 12) to base 16
1f5cb
What is -11170 (base 13) in base 15?
-92cd
3045564 (base 7) to base 9
615063
Convert 210686 (base 9) to base 8.
364447
Convert -200344231 